1?
False
Is 50 a factor of 12232927?
False
Is 50674661 a multiple of 1319?
True
Is 75906231 a multiple of 572?
False
Is 105298336 a multiple of 572?
True
Is 1454 a factor of 270161924?
True
Is 46313792 a multiple of 668?
False
Is 57 a factor of 47051872?
False
Does 173 divide 16632902?
False
Does 11 divide 134916403?
False
Is 275 a factor of 51487150?
True
Is 511 a factor of 31029453?
True
Is 1848 a factor of 253528578?
False
Does 5 divide 3564270?
True
Is 3903913 a multiple of 23?
False
Does 142 divide 664339900?
True
Does 1221 divide 133625019?
True
Is 4 a factor of 284529413?
False
Does 1083 divide 820860933?
True
Does 318 divide 94197163?
False
Is 23170325 a multiple of 37?
True
Is 411075893 a multiple of 789?
False
Does 181 divide 21857017?
True
Does 1105 divide 10145250?
False
Is 287694139 a multiple of 7?
False
Is 4 a factor of 72473322?
False
Does 8 divide 6291464?
True
Is 326 a factor of 624341508?
True
Is 31763724 a multiple of 7?
False
Does 2450 divide 947824123?
False
Does 35 divide 351626971?
False
Is 77 a factor of 29688120?
True
Does 556 divide 77162041?
False
Does 88 divide 147700741?
False
Is 81197730 a multiple of 71?
True
Is 67 a factor of 74414354?
True
Is 11 a factor of 921573361?
False
Is 12 a factor of 13676912?
False
Is 418 a factor of 388778456?
True
Is 4699277674 a multiple of 10?
False
Is 291550612 a multiple of 1241?
True
Does 4449 divide 524973102?
True
Is 161 a factor of 3493634?
False
Is 4291205266 a multiple of 1335?
False
Is 43649094 a multiple of 23?
False
Is 464159740 a multiple of 22?
True
Is 228890682 a multiple of 57?
True
Is 113490648 a multiple of 138?
True
Is 8 a factor of 740313720?
True
Is 30 a factor of 43947030?
True
Does 60 divide 5467217?
False
Is 11 a factor of 97929270?
False
Is 2301 a factor of 83059197?
True
Is 72 a factor of 198023544?
True
Is 518460570 a multiple of 195?
False
Is 36 a factor of 2858421303?
False
Does 229 divide 126901553?
False
Does 9 divide 1333866233?
False
Does 184 divide 10138400?
True
Does 4850 divide 199638943?
False
Is 83 a factor of 497622516?
True
Is 123 a factor of 210169731?
True
Does 9236 divide 3017788457?
False
Is 176 a factor of 110404448?
True
Is 469223828 a multiple of 794?
True
Is 92330352 a multiple of 24?
True
Is 9 a factor of 40423329?
True
Does 85 divide 789970404?
False
Does 243 divide 67921406?
False
Is 563 a factor of 1257530312?
True
Is 1313 a factor of 19684496?
True
Does 104 divide 27786638?
False
Does 27 divide 544917594?
False
Is 60 a factor of 10947122?
False
Does 68 divide 36363068?
True
Is 32607551 a multiple of 27?
False
Is 483928875 a multiple of 303?
True
Is 35 a factor of 873880?
True
Does 375 divide 507830833?
False
Is 1135290448 a multiple of 3041?
True
Is 417 a factor of 89425608?
False
Does 7 divide 4731490?
False
Is 17531870 a multiple of 3482?
True
Does 16 divide 53177056?
True
Is 3828032173 a multiple of 32?
False
Does 26 divide 227379787?
False
Is 144492844 a multiple of 37?
True
Is 89032789 a multiple of 8?
False
Does 32 divide 237428864?
True
Is 70 a factor of 22979880?
True
Does 249 divide 43013007?
True
Is 45297616 a multiple of 56?
True
Does 10 divide 139314371?
False
Does 568 divide 104143936?
True
Is 59193725 a multiple of 921?
False
Is 235 a factor of 1157375?
True
Is 1794158674 a multiple of 7?
True
Is 10 a factor of 15252511?
False
Is 35431596 a multiple of 2907?
False
Does 20 divide 88884980?
True
Does 240 divide 113125680?
True
Is 586477522 a multiple of 29?
False
Does 558 divide 17612272?
False
Is 37 a factor of 68025388?
True
Is 105 a factor of 1643368230?
True
Does 40 divide 661828?
False
Is 108 a factor of 79792985?
False
Does 18 divide 142322130?
True
Is 210 a factor of 151557630?
True
Is 2008328405 a multiple of 95?
True
Is 4102650 a multiple of 45?
True
Does 396 divide 3002468294?
False
Is 6380368 a multiple of 13?
False
Does 12 divide 9242509?
False
Is 55 a factor of 509170035?
True
Does 52 divide 30017317?
False
Is 7 a factor of 54639298?
True
Is 1500 a factor of 1205076000?
True
Does 36 divide 3703463?
False
Is 17 a factor of 38819315?
False
Is 2299 a factor of 87894865?
False
Does 65 divide 15567432?
False
Is 1693 a factor of 115324189?
False
Is 72138000 a multiple of 3000?
True
Is 125643711 a multiple of 821?
False
Is 50714840 a multiple of 158?
True
Is 9699 a factor of 47040150?
True
Is 216356607 a multiple of 109?
True
Is 61 a factor of 518817952?
False
Is 12 a factor of 1757903?
False
Does 228 divide 3506010?
False
Does 183 divide 8745005?
False
Is 71 a factor of 1813062?
False
Is 69 a factor of 64710344?
False
Does 68 divide 5374584?
True
Is 214391904 a multiple of 122?
False
Is 168 a factor of 40551504?
True
Is 74 a factor of 41429270?
True
Is 7 a factor of 12091938?
False
Is 162494100 a multiple of 30?
True
Is 47380677 a multiple of 1093?
False
Does 15 divide 5106533475?
True
Is 159 a factor of 93195344?
False
Does 142 divide 35656768?
True
Is 297998844 a multiple of 3310?
False
Is 53 a factor of 569768179?
True
Does 82 divide 28969524?
False
Does 857 divide 105178934?
False
Does 7 divide 1134910?
True
Does 38 divide 62167106?
False
Is 425 a factor of 21671037?
False
Is 744 a factor of 209336304?
True
Is 107 a factor of 43061829?
True
Is 320 a factor of 63329920?
True
Does 37 divide 75039354?
False
Is 22 a factor of 225897804?
True
Is 2684 a factor of 358493761?
False
Is 1784402928 a multiple of 396?
True
Does 697 divide 277956115?
False
Is 4552 a factor of 2297602976?
False
Is 22850869 a multiple of 21?
False
Is 394314803 a multiple of 1556?
False
Is 35 a factor of 4465375460?
True
Is 26 a factor of 4049069?
False
Does 3475 divide 1580165900?
True
Is 12174097 a multiple of 444?
False
Does 3180 divide 26314500?
True
Is 80 a factor of 39618847?
False
Is 1954181280 a multiple of 1065?
True
Is 354915451 a multiple of 20?
False
Does 891 divide 17021664?
True
Is 1937 a factor of 1132906749?
True
Is 8 a factor of 332259408?
True
Is 1247290 a multiple of 170?
True
Is 33422376 a multiple of 24?
True
Does 12 divide 76630619?
False
Does 2269 divide 251842364?
False
Is 427 a factor of 270067252?
True
Does 20 divide 752584721?
False
Does 22 divide 72886?
True
Does 16 divide 21587088?
True
Is 1495478908 a multiple of 5164?
True
Is 28730153 a multiple of 27?
False
Is 65009343 a multiple of 119?
True
Does 1104 divide 877198158?
False
Does 12 divide 465452818?
False
Does 22 divide 47519410?
False
Is 35174938 a multiple of 56?
False
Is 34512531 a multiple of 573?
False
Is 11 a factor of 58892427?
True
Is 16080312 a multiple of 276?
True
Is 22 a factor of 1837145002?
True
Is 3667222 a multiple of 3001?
True
Is 85120251 a multiple of 491?
True
Is 5732756 a multiple of 38?
True
Does 2572 divide 138630800?
True
Is 30399989 a multiple of 325?
False
Does 226 divide 215358564?
True
Is 47796025 a multiple of 1276?
False
Is 334 a factor of 1419926692?
False
Is 26867970 a multiple of 560?
False
Does 3271 divide 332840605?
True
Does 15 divide 38015490?
True
Is 50183913 a multiple of 18?
False
Is 715 a factor of 115979922?
False
Is 1110898240 a multiple of 565?
False
Does 194 divide 4112061578?
False
Is 15 a factor of 126991260?
True
Is 4356 a factor of 594219384?
True
Does 56 divide 38107014?
False
Is 18333150 a multiple of 110?
True
Is 101633541 a multiple of 81?
False
Is 2745588 a multiple of 15?
False
Is 2556639936 a multiple of 31?
True
Is 14157 a multiple of 121?
True
Does 370 divide 14160270?
True
Does 11 divide 38911254?
False
Is 7 a factor of 135575774?
False
Does 421 divide 24148631?
False
Is 13061455 a multiple of 95?
True
Does 28 divide 129851847?
False
Is 45326204 a multiple of 11?
True
Does 29 divide 25186384?
True
Is 61676831 a multiple of 19?
True
Does 80 divide 238078000?
True
Is 809 a factor of 7011858?
False
Is 104 a factor of 260653224?
True
Is 4954234 a multiple of 85?
False
Is 31 a factor of 275567540?
False
Is 11 a factor of 1382348?
True
Is 1585 a factor of 101343315?
True
Is 826205605 a multiple of 3869?
True
Does 69 divide 145078341?
False
Does 52 divide 41577172?
True
Is 69 a factor of 4165668?
True
Is 27527240 a multiple of 260?
True
Does 26 divide 88273431?
False
Does 163 divide 130814132?
False
Is 102006585 a multiple of 3735?
True
Does 23 divide 30169146?
True
Is 1377271421 a multiple of 2240?
